{"id":271,"date":"2018-11-27T09:16:54","date_gmt":"2018-11-27T09:16:54","guid":{"rendered":"http:\/\/winetap.com.ar\/index.php\/home\/"},"modified":"2021-11-09T13:47:20","modified_gmt":"2021-11-09T13:47:20","slug":"home","status":"publish","type":"page","link":"http:\/\/winetap.com.ar\/","title":{"rendered":"Home"},"content":{"rendered":"\n<h1>\n\t\tWineTap\u00ae\n\t<\/h1>\n\t<p>Merchandising para la industria del Vino<\/p>\n\t<style>\nmodel-viewer#primera {\n--poster-color: transparent;\n}\nmodel-viewer {\n  width: 100\u00bd;\n  height: 300px;\n}\nbody {\n  margin: 0;\n  padding: 0;\n  width: 100%;\n  height: 100%;\n}\n<\/style>\n<model-viewer id=\"primera\" bounds=\"tight\" src=\"WT.glb\" camera-controls poster=\"poster.webp\" shadow-intensity=\"1.5\" shadow-softness=\"1\" camera-orbit=\"68.47deg 54.84deg auto\">\n<\/model-viewer>\n\t<style>\n     model-viewer#segunda {\n    --poster-color: transparent;\n  }\nmodel-viewer {\n  width: 100\u00bd;\n  height: 100\u00bd;\n}\n:not(:defined) > * {\n  display: none;\n}\n<\/style>\n<model-viewer id=\"segunda\" bounds=\"tight\" src=\"..\/3d_botellas\/Botellas.glb\" camera-controls poster=\"..\/3d_botellas\/poster.webp\" shadow-intensity=\"1.5\" shadow-softness=\"1\" camera-orbit=\"68.47deg 54.84deg auto\">\n<\/model-viewer>\n<h2>\n\t\tCaracter\u00edsticas del producto\n\t<\/h2>\n\t<p>WineTap cumple con dos funciones principales: Act\u00faa como atrapa gotas, que al ser colocado en el cuello de la botella, permite contener cualquier derrame durante el servido del vino, evitando manchas sobre la mesa. Por otro lado, en su posici\u00f3n cerrado, crea un sello herm\u00e9tico que evita el intercambio de aire con el exterior, conservando las propiedades de la bebida por m\u00e1s tiempo.<\/p>\n\t<p>Es un producto ideal para promocionar bodegas, vinotecas, eventos de enolog\u00eda o incluso como regalo empresarial.<\/p>\n<p>Est\u00e1 dise\u00f1ado y fabricado en Argentina, protegido por patente y \u00fanico a nivel mundial en su tipo.<\/p>\n<p>Con WineTap, su marca pasar\u00e1 a formar parte de la mesa de sus clientes durante a\u00f1os!<\/p>\n\t\t\t\t<img src=\"http:\/\/winetap.com.ar\/WT1.png\" alt=\"WT1.png\" itemprop=\"image\" title=\"WT1.png\" onerror=\"this.style.display='none'\"  \/>\n\t\t\t\t<img loading=\"lazy\" src=\"http:\/\/winetap.com.ar\/wp-content\/uploads\/2021\/11\/untitled.29-1024x715.jpg\" alt=\"untitled.29\" itemprop=\"image\" height=\"715\" width=\"1024\" title=\"untitled.29\" onerror=\"this.style.display='none'\"  \/>\n\t\t\t\t<img loading=\"lazy\" src=\"http:\/\/winetap.com.ar\/wp-content\/uploads\/2021\/11\/Kitchen-Interior.32.jpg\" alt=\"Kitchen Interior.32\" itemprop=\"image\" height=\"1440\" width=\"2560\" title=\"Kitchen Interior.32\" onerror=\"this.style.display='none'\"  \/>\n\t\t\t\t<img loading=\"lazy\" src=\"http:\/\/winetap.com.ar\/wp-content\/uploads\/2021\/11\/Kitchen-Interior.25.jpg\" alt=\"Kitchen Interior.25\" itemprop=\"image\" height=\"1440\" width=\"2560\" title=\"Kitchen Interior.25\" onerror=\"this.style.display='none'\"  \/>\n\t\t\t\t<img loading=\"lazy\" src=\"http:\/\/winetap.com.ar\/wp-content\/uploads\/2021\/11\/wt.11.jpg\" alt=\"wt.11\" itemprop=\"image\" height=\"867\" width=\"1280\" title=\"wt.11\" onerror=\"this.style.display='none'\"  \/>\n\t\t\t\t<img src=\"https:\/\/lite.demos.wpbeaverbuilder.com\/wp-content\/uploads\/sites\/28\/2020\/02\/logo-mountain-dams.png\" alt=\"\" itemprop=\"image\" onerror=\"this.style.display='none'\"  \/>\n\t\t\t\t<img src=\"https:\/\/lite.demos.wpbeaverbuilder.com\/wp-content\/uploads\/sites\/28\/2020\/02\/logo-justin-3.png\" alt=\"\" itemprop=\"image\" onerror=\"this.style.display='none'\"  \/>\n\t\t\t\t<img src=\"https:\/\/lite.demos.wpbeaverbuilder.com\/wp-content\/uploads\/sites\/28\/2020\/02\/logo-atr.png\" alt=\"\" itemprop=\"image\" onerror=\"this.style.display='none'\"  \/>\n\n","protected":false},"excerpt":{"rendered":"<p>WineTap\u00ae Merchandising para la industria del Vino Caracter\u00edsticas del producto WineTap cumple con dos funciones principales: Act\u00faa como atrapa gotas, que al ser colocado en el cuello de la botella, permite contener cualquier derrame durante el servido del vino, evitando manchas sobre la mesa. Por otro lado, en su posici\u00f3n cerrado, crea un sello herm\u00e9tico &hellip;<\/p>\n<p class=\"read-more\"> <a class=\"\" href=\"http:\/\/winetap.com.ar\/\"> <span class=\"screen-reader-text\">Home<\/span> Read More &raquo;<\/a><\/p>\n","protected":false},"author":1,"featured_media":0,"parent":0,"menu_order":0,"comment_status":"closed","ping_status":"closed","template":"","meta":[],"_links":{"self":[{"href":"http:\/\/winetap.com.ar\/index.php\/wp-json\/wp\/v2\/pages\/271"}],"collection":[{"href":"http:\/\/winetap.com.ar\/index.php\/wp-json\/wp\/v2\/pages"}],"about":[{"href":"http:\/\/winetap.com.ar\/index.php\/wp-json\/wp\/v2\/types\/page"}],"author":[{"embeddable":true,"href":"http:\/\/winetap.com.ar\/index.php\/wp-json\/wp\/v2\/users\/1"}],"replies":[{"embeddable":true,"href":"http:\/\/winetap.com.ar\/index.php\/wp-json\/wp\/v2\/comments?post=271"}],"version-history":[{"count":78,"href":"http:\/\/winetap.com.ar\/index.php\/wp-json\/wp\/v2\/pages\/271\/revisions"}],"predecessor-version":[{"id":547,"href":"http:\/\/winetap.com.ar\/index.php\/wp-json\/wp\/v2\/pages\/271\/revisions\/547"}],"wp:attachment":[{"href":"http:\/\/winetap.com.ar\/index.php\/wp-json\/wp\/v2\/media?parent=271"}],"curies":[{"name":"wp","href":"https:\/\/api.w.org\/{rel}","templated":true}]}}